 Let p = 1 + 36. Suppose -n = -4*k - v*n + 155, -k + p = -n. List the prime factors of k.
2, 19
Let b(k) = k**3 + 8*k**2 - 61*k - 11. List the prime factors of b(11).
3, 7, 11
Let v(r) = 2*r**3 - 6*r**2 - 3*r - 4. Let n be (6/9)/(6/27). Let l(s) = 3*s**3 - 11*s**2 - 5*s - 9. Let f(w) = n*l(w) - 5*v(w). List the prime factors of f(-5).
43
Suppose g - 1224 = -5*b, 0 = -2*g - 3*b - 286 + 2741. What are the prime factors of g?
1229
Suppose -3*j + 314 = 4*q - 300, q - 156 = -2*j. List the prime factors of q.
2, 19
Suppose 575 = 38*q - 7519. What are the prime factors of q?
3, 71
Suppose -2*g = l - g - 684, -4*l = 5*g - 2735. What are the prime factors of l?
5, 137
Let l be (3 + 0 + -3)/3. Suppose -4*b = -3*x - 8, 0 = -3*b + x - l*x + 6. Suppose -3*p = -b*p - 34. What are the prime factors of p?
2, 17
Let m(w) = 4*w - 6. Let x(d) = 5*d - 8. Let p(y) = -4*m(y) + 3*x(y). Suppose 0*r - r - 2 = 0. List the prime factors of p(r).
2
List the prime factors of (-107826)/(-28) - (-87)/1218.
3851
Let x = 12 - -16. Let l = x + -11. List the prime factors of l.
17
List the prime factors of 10/(1593/(-5022) - (-2)/6).
2, 5, 31
Suppose -6*q + 12 = -18*q. List the prime factors of q + 94 - (-6 - -9).
2, 3, 5
Suppose 0*z - 19*z + 14877 = 0. What are the prime factors of z?
3, 29
Suppose 8*o = 5*o + 2592. What are the prime factors of o?
2, 3
What are the prime factors of 3693/12 + 1/4?
2, 7, 11
Suppose b - 5*n = 352, -3*n - 354 - 357 = -2*b. List the prime factors of b.
3, 7, 17
Suppose 0 = 5*u - m - 89, u - 19 = -m - 6. Let x = 43 - u. List the prime factors of x.
2, 13
Suppose -15354 = -11*s - 7*s. What are the prime factors of s?
853
Let a = 531 + -359. Let d = -99 + a. List the prime factors of d.
73
Let q be 3 - 2 - (5 - 9). Suppose 0 = 6*w + q - 71. List the prime factors of w.
11
Let m(o) = 2*o**3 - 3*o**2 + 4*o - 3. Let l = -24 - -27. What are the prime factors of m(l)?
2, 3
What are the prime factors of (-2 - -81) + (-44)/11?
3, 5
Let a(m) = -2*m - 3. Let y be a(-6). Suppose -81 = -4*f - y. What are the prime factors of f?
2, 3
What are the prime factors of ((-22690)/(-25))/(4/(-10)*-1)?
2269
Let i(y) = -y**2 - 2*y + 174. Let h = -55 + 55. List the prime factors of i(h).
2, 3, 29
Let s(y) = -2*y**3 - 6*y**2 - 6*y + 7. List the prime factors of s(-5).
137
Suppose -u - 7 = -4*u + 2*t, -4*t = 3*u - 13. Let o(g) = -g + 7. Let j be o(u). Suppose -j*w + w + 18 = 0. What are the prime factors of w?
2, 3
Suppose 48 = 9*p - 1068. What are the prime factors of p?
2, 31
Suppose 8*h - 6 = 5*h. List the prime factors of ((-11)/33)/(h/(-372)).
2, 31
Let u be 3 + (276/2 - 1). Suppose 5*w = w + u. List the prime factors of w.
5, 7
Suppose 0*t = -3*n - t - 439, -n - 3*t = 133. Let a = -23 - n. List the prime factors of a.
5
Suppose 3*v = -6*v + 7182. Suppose 0 = -8*x + 15*x - v. What are the prime factors of x?
2, 3, 19
Let p be 4/(-14) - (-1188)/42. Let l be (-6*2/16)/(2/(-208)). Let r = l - p. What are the prime factors of r?
2, 5
Let t(m) = 11*m**2 + 8*m - 25. Suppose 3 = 4*x - 13. List the prime factors of t(x).
3, 61
List the prime factors of 1394/4*(10 - (15 + -7)).
17, 41
Let z = 39 + -27. Suppose z*l - 108 = 10*l. Let y = -37 + l. What are the prime factors of y?
17
Suppose -11 = 5*v + 3*y - 0*y, 3*v = 4*y + 5. List the prime factors of -30*3*(7/(-5) - v).
2, 3
Suppose 3*w - 8*w - 30 = 5*q, 3*w = -q - 20. Let a(j) = 3*j**2 + 8*j + 8. List the prime factors of a(w).
3, 11
Let l(m) = m**3 - 6*m**2 - 9*m - 14. Let o be l(9). Let u = -59 + o. List the prime factors of u.
89
Suppose 0 = -2*b + 2, -1937 = -4*i + 3*b - 8*b. Suppose 5*r - 4*r - 177 = -3*o, -3*o - i = -3*r. List the prime factors of r.
3, 5, 11
Let t(j) = j**3 + 5*j**2 + 2*j + 2. Let g be t(-5). Let u(p) = -7 - p - 2*p + 1. List the prime factors of u(g).
2, 3
Let f = 1420 + -736. Let s = 975 - f. List the prime factors of s.
3, 97
Let p(r) = 27*r**2 + 2*r + 5. Let v(j) = 26*j**2 + 3*j + 6. Let i(f) = 5*p(f) - 4*v(f). List the prime factors of i(-2).
3, 43
Suppose -3*x - 46 = o - 8, 5*x = 5*o - 90. Let i = x - -12. List the prime factors of (-452)/(-24) - i/12.
19
Suppose 5401 = 2*h - q, 2*h + 3*h = 4*q + 13510. What are the prime factors of h?
2, 19, 71
Suppose -6516 = -9*s - 3*s. List the prime factors of s.
3, 181
Let j be (4 - 6)/((-2)/(-20)). Let v = j + 14. What are the prime factors of ((-4)/v)/((-3)/(-108))?
2, 3
Let a = -32 + 1010. List the prime factors of a.
2, 3, 163
Let f = 273 + 66. What are the prime factors of f?
3, 113
Suppose 0 = -4*j + 2*u + 330 + 630, -4*u = -j + 240. Suppose 5*f = 5*w + j, -4*w = -2*f + 15 + 87. What are the prime factors of f?
3, 5
Let w(l) be the second derivative of l**3/3 - 7*l**2 + 6*l. Let j be w(11). Suppose 4*i = j*i - 88. List the prime factors of i.
2, 11
Let k = 1060 - 610. Let g = k + -210. Suppose 0 = -6*n + n + g. What are the prime factors of n?
2, 3
Let y = -2 - -4. Suppose 3*n = n - 5*m + 69, 2*n + y*m - 54 = 0. Suppose 4*o - 16 = 2*w, o + 2*w - n = -2*w. List the prime factors of o.
2, 3
Suppose -4 = w - n, -3*n - 2*n = -3*w - 18. List the prime factors of 2 - 1 - w - (2 + -60).
2, 3, 5
Let h(o) = o**3 + 1. Let s(c) = 3 + 2 - 1 - 4*c + 2 + 2*c**3 - 3*c**2. Let z(l) = -h(l) + s(l). List the prime factors of z(5).
5, 7
Let z(u) = 51 - u**2 - u + 32 + 0*u**2 + 21. What are the prime factors of z(0)?
2, 13
Let m be (3/(-6))/(3/(-768)). Let w be (m/4)/2*5. Let l = w + -53. List the prime factors of l.
3
Let y(o) = o**3 - 8*o**2 - 8*o - 6. Let h be y(9). Suppose -8*s + h*s + 185 = 0. What are the prime factors of s?
37
Let d(u) = -13*u**2 - 1. Suppose -4*s + 6 = -7*s. Let l be d(s). Let f = -37 - l. What are the prime factors of f?
2
Suppose -k = 2*z - 3*k - 12, z + k + 2 = 0. Suppose z*b = -b + 78. List the prime factors of b.
2, 13
Let b(v) = 5*v + 0*v**2 - v**2 + 11*v - 15*v. Let m be b(1). Suppose m = -2*a + 16 - 2. List the prime factors of a.
7
Let l(w) = 2*w**2 + 45*w + 6. What are the prime factors of l(-34)?
2, 197
Suppose -2*r - 4*v = -594, 19*r + 2*v - 911 = 16*r. List the prime factors of r.
307
Let t(r) = -r**3 + r**2 - r + 12. Let p(i) = -i - 3. Let d be p(-8). Suppose 0*s = d*s. What are the prime factors of t(s)?
2, 3
Let w = 3439 - 2348. What are the prime factors of w?
1091
Suppose 3*o = -0*h + 2*h - 191, o = 3*h - 290. What are the prime factors of h?
97
Suppose 5*s - u = 16101, s + 3*u - 2266 - 951 = 0. List the prime factors of s.
2, 5, 7, 23
Let m = -206 - 60. Let b = 464 + m. What are the prime factors of b?
2, 3, 11
Let a(h) = -3*h**2 + 3*h + 1. Let g be (-3)/(9/(-12)) + 0. Let o be a(g). Let b = -7 - o. List the prime factors of b.
2, 7
Let b(y) = 21 - 9*y - 31*y - 21. List the prime factors of b(-1).
2, 5
Let i = -7 - -11. Let n be (4 - 21/6)*i. Suppose 0 = d - 5*a - 62, 4*d + n*a + 100 = 6*d. What are the prime factors of d?
47
Suppose -2*s + 16 - 6 = 0. Suppose s*u - n + 0*n = 13, u - 2*n = -1. What are the prime factors of u*(1 - 2) + 12?
3
Suppose -3*h + 2 + 7 = 0. Suppose -h*k = -0*k - 75. What are the prime factors of k?
5
Let g = 105 + -51. Suppose -g = -c - 0*c. List the prime factors of c.
2, 3
Let c(l) = -l**3 + 16*l**2 - l - 2. Let d be c(11). Suppose 2*v - 316 + 69 = 5*t, -4*t = -5*v + d. Let w = -52 + v. List the prime factors of w.
2
Let s(i) = i + 7. Let f(p) = p**2 - 4*p - 1. Let h be f(2). Let j be s(h). Suppose -40 = -4*w - d, -5*w + 14 = -j*d - 23. List the prime factors of w.
3
Let l(o) = 13*o - 226. List the prime factors of l(43).
3, 37
Suppose -3*d + 6*d = 15, -2*m + 4*d - 26 = 0. Let i(a) = -8*a - 2. Let w be i(m). Suppose 5*o - w - 13 = 0. List the prime factors of o.
7
Let s(n) = 3*n + 27. Let v be s(-7). Let q(l) = 2*l**2 + 14*l + 1. List the prime factors of q(v).
157
Suppose 3*z - 518 - 1440 = -r, -1 = r. List the prime factors of z.
653
Suppose 5*g = 84 + 696. Suppose -g = 2*k + 134. What are the prime factors of k/(-13) - (-2)/(-13)?
11
Let t(g) = -g**3 - 7*g**2 - 8*g - 14. Let v be t(-6). List the prime factors of ((-8)/5*-1)/(v/(-20)).
2
Let c(b) = -b**2 - b - 2. Let z be c(-3). What are the prime factors of (-4)/18 + (z - (-13696)/72)?
2, 7, 13
Suppose 0 = -k + 190 + 205. What are the prime factors of k?
5, 79
Suppose 93*n = 108*n - 12210. What are the prime factors of n?
2, 11, 37
Let j(c) = -